 (-5)/2 + 22185/58. Suppose 20*h - g*h = -t. What are the prime factors of h?
2, 19
Suppose -3*l - 5 = -4*z + 5, 5*z + 4*l - 28 = 0. Let n = 27 + -5. Suppose -z*m + n + 2 = 0. List the prime factors of m.
2, 3
Let i = 7 + -12. What are the prime factors of 8/20 + (-133)/i?
3
Let n(h) = 7*h - 13. Let k be n(3). Suppose 0 = k*i - 6*i - 92. What are the prime factors of i?
2, 23
Let y be (-11 - -7)*(-10)/8. Suppose -y*p + 15 = -2*p. Suppose p*o - 5*f = 30, -f + 12 = 2*o + f. List the prime factors of o.
2, 3
What are the prime factors of ((-13)/(-11) - 1) + 630123/429?
13, 113
Let w(u) be the first derivative of -u**4/4 - u**3 + 3*u**2 + 5*u - 4. Let c be w(-4). Let t(x) = x**3 + 3*x**2 + 4. List the prime factors of t(c).
2
Let w = 9 + -7. Suppose 12 = w*u - 5*t, 3*t - 10 - 2 = 0. What are the prime factors of u?
2
Let g(l) = 5*l + 1. Suppose 2 = 2*r - 0. Let x be g(r). What are the prime factors of 4/x - 102/(-9)?
2, 3
Suppose -4*t + 1109 = w, -2*t = -4*t + 2. List the prime factors of w.
5, 13, 17
Suppose 4*i - 12 = 8*i. Let q be -6 + -2*i/2. What are the prime factors of (-2 - -14) + 3 + q?
2, 3
Let x(o) = -o**3 + 13*o**2 + 2*o + 12. Suppose -3*c + 6 = -c. Let b = c + 10. What are the prime factors of x(b)?
2, 19
Let r(j) = -155*j - 150. What are the prime factors of r(-32)?
2, 5, 13, 37
Suppose 0 = 30*t - 27*t - 15. What are the prime factors of t/(15/(-6)) + 49?
47
Let a be (-2)/(-10) + 549/(-45). What are the prime factors of (-484)/a - 4/(-6)?
41
What are the prime factors of 98 - (-4)/(-12)*15?
3, 31
Suppose -7744 - 4081 = -25*i. What are the prime factors of i?
11, 43
Let a = -2072 - -4766. What are the prime factors of a?
2, 3, 449
List the prime factors of -1*((-3060)/50 + 3/15).
61
Suppose 0 = -6*o + 1 + 11. Suppose 3*h - o*l - 255 = l, 84 = h - 2*l. List the prime factors of h.
2, 43
Let n = 20 + -18. Let k(w) = -9 + 5*w - 4*w - n*w. What are the prime factors of k(-11)?
2
Let u = 1001 - -38. What are the prime factors of u?
1039
Let k(d) be the first derivative of -2*d**3/3 - d**2 + 22*d - 14. List the prime factors of k(0).
2, 11
Let t(p) = -6*p**3 - p**2 + 4*p - 1. Suppose -q + 6*q - 6 = 2*n, q + 9 = -3*n. What are the prime factors of t(n)?
2, 5, 7
Let r be (2 + -3)/(3/(-15)). Suppose 2*q + 108 = 6*q. What are the prime factors of q - (r - (0 + 3))?
5
What are the prime factors of 3/((-54)/(-6018)) - 1/3?
2, 167
Suppose -12 + 27 = 3*j, -3117 = -3*n + 3*j. List the prime factors of n.
2, 3, 29
Let a(y) = -362*y**3 + 3*y**2 - 3*y + 2. Let g be a(1). What are the prime factors of 6/39 - g/26?
2, 7
Suppose 4*v - h + 59 = -22, -2*h - 78 = 4*v. Let x = 38 + v. What are the prime factors of x?
2, 3
Let y(n) = -n**3 + 20*n**2 - 21*n + 6. What are the prime factors of y(12)?
2, 3, 151
Suppose m = -m. Suppose -2*b + 38 = 4*r, -3*r - r - 8 = m. Suppose b = 5*n - 17. List the prime factors of n.
2
Let p = 1375 + 399. What are the prime factors of p?
2, 887
Let w = 51 - 49. Suppose -w + 80 = t. What are the prime factors of t?
2, 3, 13
Let n be (-3)/(-3) - 2 - -38. Let g = 13 - n. Let k = g - -47. List the prime factors of k.
23
Let d be (-7)/((-404)/200 - -2). Suppose 5*f = 65 - d. Let j = 109 + f. What are the prime factors of j?
2, 13
Let f(b) = -b - 1. Let s be f(-3). Suppose 2*u - 2 = s. What are the prime factors of u?
2
Let v(g) be the third derivative of g**6/120 - 3*g**5/20 + g**4/24 - g**3 + 24*g**2. List the prime factors of v(10).
2, 13
Let g(t) = t**3 + t**2 + 2*t - 5. Let i be g(0). Let n = i + 9. Suppose -n*b = -0*b - 176. What are the prime factors of b?
2, 11
Let u(d) = -61*d - 101. What are the prime factors of u(-7)?
2, 163
Let p(i) = 52*i + 10. Let c(x) = -1. Let q(f) = 2*c(f) + p(f). Let r be q(-5). List the prime factors of ((-1)/(-2))/((-6)/r).
3, 7
Let w = -2 + 307. What are the prime factors of w?
5, 61
Suppose 9 = w + 4*z, z = -2*w - 0 - 3. List the prime factors of (w + -3 + 2)*-5.
2, 5
List the prime factors of -41 + 601 - (-5)/1.
5, 113
What are the prime factors of (-3)/4 - 289971/(-116)?
3, 7, 17
Suppose 0*g = 5*g - 25. Suppose 0 = g*n - 2*u - 73, 0 = 3*u + u - 4. Let a = 32 - n. List the prime factors of a.
17
Suppose 0 = -10*r + 6*r + 12. Suppose r*a - 7 = 11. List the prime factors of a.
2, 3
Let d = 3 + 2. Suppose c - 13 + 3 = 0. Suppose -7*w = -d*w - c. List the prime factors of w.
5
What are the prime factors of (134460/(-675))/(34/40 + -1)?
2, 83
Let z be (-2)/(-18) - (-6904)/72. Suppose -2*h + 6*h - z = 0. What are the prime factors of h?
2, 3
Suppose -5*w + 3*y + 88 = 0, -2 - 14 = -4*y. Let r be 50/w - 2/(-4). Suppose r*f = -5*d + 101, -5*f = d + 3*d - 73. List the prime factors of d.
2, 11
Let t(y) = 3*y - 53. Let b be t(18). What are the prime factors of 154 + 0 + (b - (6 + -3))?
2, 19
Let v = 1063 + -737. Suppose 2*a - 2*x = -6*x + 212, 3*a - v = -2*x. List the prime factors of a.
2, 5, 11
Let d(z) be the second derivative of 4*z**4/3 - z**3/6 - z**2/2 - 4*z. List the prime factors of d(2).
61
Suppose -4*m - 2*l = -2358, 0*m - 5*l + 2960 = 5*m. List the prime factors of m.
587
Let d = -608 - -3778. List the prime factors of d.
2, 5, 317
Suppose 7*d = -81 + 977. Suppose 3*m + 44 = d. List the prime factors of m.
2, 7
Let t(b) = b**3 - b + 10. Suppose -4*x = -x. Let o be t(x). Suppose -9*s - 36 = -o*s. What are the prime factors of s?
2, 3
What are the prime factors of -8*(-2)/(-4) - 9*-51?
5, 7, 13
Let m be (-158)/8 + 2/(-8). Let r = m - -154. What are the prime factors of r?
2, 67
Let l(a) = a**3 - 26*a**2 + 49*a - 34. Let f be l(24). Let q(r) = r**3 + 13*r**2 + 7*r + 21. What are the prime factors of q(f)?
251
Let y = 61 - 89. Let g = y - -80. Suppose 0 = -4*p - 0 + g. List the prime factors of p.
13
Let q be 2/(-1)*(2 + (-302)/(-4)). Let r = q + 273. List the prime factors of r.
2, 59
Suppose -22*u = -6*u - 48. Suppose 0 = y - u*j - 26, j + 69 = 4*y - 24. List the prime factors of y.
23
Suppose -18*b - 10122 = -32*b. List the prime factors of b.
3, 241
Suppose 2*i - 4*f - 981 = 421, -5*i + 5*f = -3490. What are the prime factors of i?
5, 139
Let v(w) = w**2 + 12*w + 5. Let z be v(-12). Suppose -z*g = -51 - 209. Suppose 0 = -8*r + 10*r - g. What are the prime factors of r?
2, 13
Suppose 0 = -18*c + 7771 + 3119. What are the prime factors of c?
5, 11
Let w(d) = d**3 - 17*d**2 - 44*d + 22. Let f be w(19). Let y = 169 + f. What are the prime factors of y?
7, 11
Suppose -q - 38 + 431 = 0. What are the prime factors of q?
3, 131
Let l = 1455 - 906. List the prime factors of l.
3, 61
Let y(u) = 113*u + 127. List the prime factors of y(7).
2, 3, 17
Let h(t) = 0*t + 2*t - 5*t + t**2 + 4. Let w be h(3). Suppose w*m - 65 = -m. List the prime factors of m.
13
Let y = -108 + 164. Let w(i) = 3*i + 52. Let s be w(-16). Suppose s*p + 0*p = y. What are the prime factors of p?
2, 7
Let a = -55 - -58. List the prime factors of (1/a)/((-4)/(-564)).
47
Let b(d) = -26*d - 87. What are the prime factors of b(-21)?
3, 17
Let f = 36 + -34. What are the prime factors of (f - 138)*2/(-4)?
2, 17
List the prime factors of 10*(-4)/180 - 7337/(-9).
5, 163
Let r(v) = -6*v**3 + 3*v**2 + 2*v - 2. Let o be r(-2). Suppose -2*k = -o - 96. What are the prime factors of k?
3, 5
Let z(b) = -1160*b**3 + 11*b**2 + 12*b + 2. What are the prime factors of z(-1)?
3, 43
Suppose 0 = -v - 0*v - 2. Let i be -5 - v/4*2. List the prime factors of -2*(62/i - -3).
5
List the prime factors of (-200)/(558/114 - 5).
2, 5, 19
Suppose 3 = t - 0. Suppose t*w - 2*y - 12 = 0, 1 + 2 = -y. Suppose -4*u = -w*j - 230, 3*j = u - 4*u + 168. What are the prime factors of u?
3, 19
Let h = 294 + 232. List the prime factors of h.
2, 263
Let v be 1/2*44 + 0. Suppose 5*s - 3 = v. Suppose s*a - 149 = -14. List the prime factors of a.
3
Suppose 4*a - x = -2*x + 127, a - 43 = 2*x. Suppose 3*n - y = 5*n - a, 2*y = 2*n - 48. Let u = 7 + n. What are the prime factors of u?
2, 13
Let m(i) = 137*i - 1171. List the prime factors of m(28).
5, 13, 41
Let s = 43 + -22. Suppose 5*d + x - 99 = 27, -4*x - s = -d. Let j = d + -13. List the prime factors of j.
2, 3
Let u be (-6)/5*(-10)/(-2). Let r(p) = -p**2 - 4*p - 9. Let j be r(u). What are the prime factors of 39*(j/(-9) + -2)?
13
Let c = 43 + -41. What are the prime factors of (16/12)/(c/12)?
2
Suppose 328 = 7*m + 6. Let g be